16. Calculate k(16).
0
Let a(v) = 2*v**3 + 29*v**2 - 9*v + 19. Calculate a(-15).
-71
Let d(k) = 21*k + 505. What is d(-24)?
1
Let o(h) = 17*h + 1. Calculate o(-3).
-50
Let h(f) = -12*f - 46. Determine h(-6).
26
Let v(x) = -x**3 - 5*x**2 + x + 11. Give v(-4).
-9
Let r(o) = -o**2 - 3*o + 4. Calculate r(-2).
6
Let i(t) = -7*t**3 - t - 1. Give i(-1).
7
Let x(t) = 8*t + 225. Calculate x(-28).
1
Let i(x) = x**2 - 7*x + 18. Calculate i(4).
6
Let l(p) = -p**2 - p + 10. Calculate l(-5).
-10
Let k(w) = -7*w + 29. What is k(6)?
-13
Let x(p) = -p**3 - 6*p**2 - 2*p + 8. Give x(-7).
71
Let y(w) = 15*w - 57. Determine y(10).
93
Let c(t) = -21*t - 80. What is c(0)?
-80
Let o(p) = p**3 - 12*p**2 + 9*p + 4. Determine o(12).
112
Let x(n) = -n**2 - 10*n + 3. What is x(-10)?
3
Let w(s) = -s**3 - 7*s**2 - 10*s - 17. Calculate w(-8).
127
Let v(r) = -2*r**2 - 14*r - 6. What is v(-7)?
-6
Let o(b) = 7*b**2 + 13*b - 8. Give o(-3).
16
Let r(y) = 17*y**2 - 5*y + 6. Give r(1).
18
Let k(j) = j**2 - 2*j + 1. Calculate k(1).
0
Let w(u) = -u**3 + 7*u**2 - u + 15. What is w(7)?
8
Let f(j) = -2*j + 3. What is f(5)?
-7
Let u(c) = -c - 5. What is u(-18)?
13
Let i(x) = -x**2 - 19*x - 13. Determine i(-16).
35
Let k(q) = -2*q + 21. Give k(13).
-5
Let j(k) = -29*k - 4. What is j(-2)?
54
Let p(s) = s**2 + 5. Calculate p(-4).
21
Let i(f) = 2*f. Determine i(2).
4
Let y(i) = 5*i**2 + 8*i + 12. Calculate y(-3).
33
Let f(c) = -c**3 + 9*c**2 - 6*c + 7. Calculate f(8).
23
Let y(m) = 3*m**2 + 3*m - 5. Determine y(-4).
31
Let q(r) = -4*r + 32. Determine q(3).
20
Let v(b) = -b + 7. Give v(15).
-8
Let f(j) = -3*j**2 + 8*j + 2. Give f(8).
-126
Let c(u) = -u**2 + 27*u + 60. What is c(29)?
2
Let a(u) = 6*u + 2. Give a(-2).
-10
Let s(o) = o**3 + 11*o**2 - 11*o + 197. Determine s(-13).
2
Let t(b) = -b**3 - 3*b**2 - 6*b + 1. Give t(-5).
81
Let k(b) = b**2 - 7*b + 11. Determine k(8).
19
Let t(v) = v**3 + v**2 - 2*v + 4. Determine t(-3).
-8
Let l(z) = z**3 - 12*z**2 + 11*z + 1. What is l(11)?
1
Let x(o) = -o - 2. What is x(-9)?
7
Let k(p) = 15*p - 172. What is k(11)?
-7
Let w(c) = 5*c + 5. Calculate w(3).
20
Let o(d) = 5*d - 3. Give o(4).
17
Let s(w) = -43*w**3 - w**2 + 2*w - 1. What is s(1)?
-43
Let z(u) = 2*u - 16. What is z(7)?
-2
Let u(b) = b**3 + 4*b**2 - 23*b - 67. Calculate u(-6).
-1
Let u(y) = -y**2 + 5*y + 2. Determine u(5).
2
Let g(n) = 18*n - 36. What is g(-3)?
-90
Let y(g) = g**3 + 23*g**2 - 23*g + 21. Calculate y(-24).
-3
Let b(l) = 2*l**2 - 4*l - 2. Calculate b(6).
46
Let z(x) = 14*x - 1. Give z(-1).
-15
Let j(u) = 31*u - 8. Give j(-4).
-132
Let p(z) = z**2 - 7*z + 1. Determine p(6).
-5
Let n(h) = 6*h - 47. Determine n(12).
25
Let x(c) = -2*c**2 - 6*c + 16. Give x(-5).
-4
Let m(k) = 7*k**3 + k**2 + 2*k + 2. What is m(-1)?
-6
Let z(w) = w**2 + 12*w + 3. Determine z(-11).
-8
Let n(x) = x**3 + 5*x**2 - 2*x + 10. Give n(-5).
20
Let y(v) = -v**3 - 7*v**2 + 7*v - 7. Calculate y(-8).
1
Let h(f) = -2*f**3 + 2*f**2 - 10*f + 18. Give h(4).
-118
Let o(l) = -l**3 - 15*l**2 - 4*l - 44. Determine o(-15).
16
Let n(i) = i - 1. Give n(8).
7
Let d(p) = p**2 - 5*p - 2. Calculate d(3).
-8
Let i(n) = 3*n**2 + 11*n + 16. Determine i(-6).
58
Let w(z) = -61*z**2 + z - 1. What is w(1)?
-61
Let r(w) = 2*w**3 + w**2 - 2*w - 1. What is r(-2)?
-9
Let a(v) = 9*v - 6. Calculate a(-3).
-33
Let x(d) = d + 5. Calculate x(13).
18
Let i(k) = 4*k - 30. Give i(5).
-10
Let k(f) = -6*f - 39. Give k(-7).
3
Let q(w) = w**3 + 15*w**2 + 45*w. Calculate q(-11).
-11
Let p(v) = -v**3 + 29*v. Determine p(6).
-42
Let g(n) = -n**3 - n**2 + 5*n + 5. Calculate g(-2).
-1
Let p(m) = 5*m**2 + 15*m + 2. Give p(-6).
92
Let o(k) = k**3 - 10*k**2 - 19*k + 53. Give o(12).
113
Let r(d) = 5*d + 19. What is r(-4)?
-1
Let u(n) = -n**2 + 7*n + 3. Determine u(7).
3
Let u(r) = -4*r**3 - 3*r**2 + 4*r - 2. Determine u(1).
-5
Let i(h) = 7*h**2 + 6*h + 4. Give i(-1).
5
Let h(x) = 7*x. Determine h(1).
7
Let y(w) = -36*w - 71. Give y(-5).
109
Let c(t) = 3*t**2 + 53*t - 2. What is c(-18)?
16
Let u(w) = -2*w**3 - 5*w**2 - 3*w. Determine u(-3).
18
Let f(v) = 38*v + 3. Determine f(-2).
-73
Let q(f) = -f**2 + 7*f + 387. What is q(-16)?
19
Let j(k) = 2*k - 3. Determine j(2).
1
Let s(g) = -2*g - 3. Calculate s(-4).
5
Let s(y) = 2*y. Determine s(1).
2
Let x(n) = n**2 + 2*n + 9. What is x(9)?
108
Let k(c) = -c + 11. Determine k(10).
1
Let c(q) = -3*q - 5. What is c(8)?
-29
Let t(h) = -10*h**2 + 62*h - 2. Calculate t(6).
10
Let s(t) = t**2 - 8*t + 2. What is s(6)?
-10
Let j(b) = 4*b**3 + 23*b**2 - 11*b - 23. What is j(-6)?
7
Let n(h) = -h**3 - 10*h**2 + 24*h - 4. Give n(-12).
-4
Let x(p) = -p**3 + 8*p**2 + 10*p + 6. Calculate x(9).
15
Let k(g) = -g**3 + 12*g**2 + 3*g - 33. Calculate k(12).
3
Let u(s) = -2*s**3 + 19*s**2 - 8*s - 10. Calculate u(9).
-1
Let u(h) = 6*h**2 + 63*h - 4. What is u(-10)?
-34
Let u(q) = q**3 - 10*q**2 - 23*q - 9. What is u(12)?
3
Let t(b) = -9*b - 1. What is t(-1)?
8
Let i(g) = g**2 - 7*g - 17. Determine i(12).
43
Let l(q) = -q**3 + 14*q**2 - 17*q - 88. What is l(12)?
-4
Let m(n) = -n**3 - 17*n**2 - 26*n + 31. Give m(-15).
-29
Let c(t) = -t**3 + 7*t**2 + 7*t + 1. Calculate c(8).
-7
Let z(r) = -r**2 + 24*r - 69. Calculate z(19).
26
Let j(f) = f**3 - 2*f**2 - 2*f + 2. What is j(2)?
-2
Let a(c) = c**3 + 9*c**2 - 22*c. Calculate a(-11).
0
Let i(z) = -3*z**2 - 13*z - 30. Calculate i(-4).
-26
Let n(k) = 2*k**2 - 15*k - 31. What is n(9)?
-4
Let h(p) = 4*p**3 - 2*p**2 - p - 1. Give h(2).
21
Let n(t) = 33*t - 1. What is n(1)?
32
Let j(n) = -n**3 + 2*n**2 - 11*n - 4. Determine j(5).
-134
Let b(c) = c**2 + 5*c + 7. What is b(-3)?
1
Let k(u) = u**3 + 9*u**2 + 8*u. What is k(-8)?
0
Let h(x) = -3*x**3 + 2. Determine h(2).
-22
Let c(h) = -h**2 + 4*h + 6. Give c(7).
-15
Let i(s) = -s - 3. Determine i(-4).
1
Let y(k) = 2*k + 13. Give y(-6).
1
Let z(u) = u**3 + 8*u**2 + 5*u + 1. Determine z(-7).
15
Let a(x) = 4*x + 17. Calculate a(7).
45
Let m(c) = c**2 + 17. Calculate m(0).
17
Let s(g) = -3*g**2 + 16. Calculate s(3).
-11
Let i(j) = 15*j + 1. Give i(3).
46
Let u(w) = -w**3 - w**2 - 6*w - 5. Determine u(-2).
11
Let k(j) = -j**2 + 5*j + 7. Calculate k(8).
-17
Let l(g) = g**3 - 7*g**2 - 12*g + 4. What is l(8)?
-28
Let b(m) = m**2 + 16*m + 6. Give b(-15).
-9
Let g(y) = -4*y - 10. Give g(7).
-38
Let t(n) = -7*n + 54. What is t(7)?
5
Let o(f) = -2*f**2 + 11*f + 12. Calculate o(7).
-9
Let q(v) = -v**2 + 25*v - 167. Calculate q(11).
-13
Let d(g) = g**3 - 9*g**2 + 9. Give d(9).
9
Let p(n) = n**3 - n**2 - 9*n + 20. What is p(2)?
6
Let l(g) = 8*g - 36. Determine l(4).
-4
Let w(o) = -o. Determine w(7).
-7
Let q(m) = m**3 + 8*m**2 + 8*m + 6. Determine q(-6).
30
Let y(u) = -u**3 - 48*u**2 + 52*u + 127. Give y(-49).
-20
Let v(y) = y**2 + 12*y - 28. Calculate v(-14).
0
Let r(g) = g**2 + 11*g + 11. Give r(-3).
-13
Let q(g) = 5*g + 24. Calculate q(-10).
-26
Let v(b) = 3*b + 27. Determine v(-14).
-15
Let x(r) = r**2 - 17*r + 56. Determine x(13).
4
Let b(p) = -2*p**2 + 27*p - 1. Determine b(12).
35
Let j(i) = -i**3 - 12*i**2 - 13*i - 8. Give j(-11).
14
Let r(i) = -4*i + 7. Give r(-6).
31
Let b(h) = 45*h**2 + h - 1. Determine b(1).
45
Let x(p) = 7*p + 140. What is x(-23)?
-21
Let a(g) = -2*g**3 - g**2 - 2*g - 1. Calculate a(-1).
2
Let b(v) = v**3 - 9*v**2 - 4*v + 10. What is b(9)?
-26
Let t(k) = -k**3 + 8*k**2 + 13*k - 6. What is t(-2)?
8
Let x(c) = -c**2 - 21*c - 26. Give x(-20).
-6
Let w(b) = -b**2 + 14*b - 34. Determine w(8).
14
Let b(l) = -30*l - 55. Determine b(-2).
5
Let n(i) = i**3 - 47*i**2 + 129*i - 4. Calculate n(3).
-13
Let j(l) = 2*l - 1. Give j(-6).
-13
Let p(k) = -8*k - 2. Give p(1).
-10
Let y(j) = -j**2 - 14*j - 21. Determine y(-11).
12
Let n(s) = -s - 7. Give n(9).
-16
Let p(t) = -7*t - 2. Give p(3).
-23
Let y(i) = -4*i**2 - 23*i + 2. What is y(-6)?
-4
Let z(t) = -t + 9. Give z(10).
-1
Let w(c) = c + 17. Determine w(9).
26
Let n(l) = -l + 2. What is n(-4)?
6
Let f(y) = y**2 + 14*y - 4. What is f(-16)?
28
Let s(w) = 38*w + 338. What is s(-9)?
-4
Let v(o) = 10*o**3 + 2*o**2 - 8*o - 13. What is v(-2)?
-69
Let g(t) = 10*t - 150. Calculate g(15).
0
Let c(n) = 2*n**3 - 9*n**2 - 19*n + 2. Give c(6).
-4
Let o(i) = -3*i + 3. What is o(0)?
3
Let j(d) = d**2 + 16*d - 12. Calculate j(-11).
-67
Let h(i) = i**3 - 15*i**2 + 42*i + 1. Give h(4).
-7
Let l(x) = x**2 + 16*x - 9. Deter